ivisor of 4180 and 13904770.
2090
Calculate the greatest common divisor of 113204731 and 41.
41
What is the highest common factor of 25709580 and 13455?
585
Calculate the highest common divisor of 357889 and 457520.
301
Calculate the greatest common factor of 720 and 995090.
10
What is the greatest common divisor of 207 and 47432727?
9
Calculate the highest common divisor of 19584147 and 297.
33
Calculate the highest common divisor of 14421 and 1240833.
627
Calculate the greatest common divisor of 412156 and 44923.
167
What is the greatest common divisor of 1985028 and 2656?
332
What is the highest common divisor of 105 and 98826?
21
What is the highest common factor of 14012 and 2607588?
452
What is the highest common factor of 4824 and 527724?
36
What is the greatest common divisor of 1564 and 530434?
34
Calculate the highest common divisor of 10934 and 1118040.
154
Calculate the highest common factor of 13837436 and 252394.
2602
Calculate the highest common factor of 908272771 and 196.
49
Calculate the highest common divisor of 1813420 and 25.
5
Calculate the greatest common divisor of 98249282 and 6286.
898
Calculate the greatest common factor of 22077 and 6061.
11
What is the highest common factor of 308 and 12328?
4
Calculate the greatest common factor of 53721 and 4346829.
1143
Calculate the highest common factor of 568098 and 1694911.
853
Calculate the greatest common divisor of 86712 and 576.
24
What is the highest common factor of 82928 and 298132?
292
What is the highest common factor of 1030 and 154048242?
206
Calculate the greatest common factor of 4484 and 4323504188.
4484
What is the highest common divisor of 972933 and 91203?
303
Calculate the highest common divisor of 5876820 and 49680.
540
What is the highest common factor of 24273488 and 1216?
304
What is the greatest common factor of 33705045 and 198?
99
Calculate the highest common factor of 38632 and 2706.
22
What is the highest common factor of 80136 and 1759812?
636
Calculate the greatest common factor of 403 and 25477673.
13
What is the greatest common factor of 906 and 1271722?
302
What is the highest common divisor of 320040 and 882840?
840
Calculate the greatest common factor of 241125633 and 16317.
2331
Calculate the greatest common factor of 1772454 and 438.
6
What is the highest common divisor of 619428294 and 9?
9
What is the highest common factor of 44 and 3804228?
4
Calculate the highest common factor of 219760855 and 5.
5
Calculate the highest common divisor of 18436 and 310835569.
4609
Calculate the highest common factor of 14 and 466792466.
14
Calculate the highest common divisor of 2336 and 123184288.
2336
Calculate the greatest common factor of 45 and 195167115.
45
What is the highest common factor of 2172416 and 224879?
4243
What is the highest common divisor of 201651390 and 30?
30
What is the highest common factor of 32984 and 38095?
19
Calculate the highest common factor of 35 and 32724727.
7
What is the highest common factor of 11472 and 24428190?
1434
What is the highest common factor of 40 and 35183710?
10
What is the greatest common factor of 47011415 and 20?
5
What is the greatest common factor of 1616 and 20026078?
202
Calculate the greatest common factor of 30 and 977627290.
10
What is the greatest common factor of 209745 and 595818?
711
What is the highest common factor of 596 and 327400?
4
What is the highest common divisor of 615776513 and 22?
11
Calculate the greatest common factor of 224566 and 752.
94
What is the highest common divisor of 7282469 and 386?
193
Calculate the highest common factor of 26242004 and 509.
509
What is the greatest common divisor of 81144416 and 224?
32
What is the highest common factor of 52044 and 11652?
12
What is the highest common factor of 2884653 and 868239?
2187
What is the greatest common factor of 5336140 and 148740?
740
Calculate the highest common factor of 1321440 and 75.
15
What is the greatest common divisor of 66 and 986018?
22
Calculate the highest common divisor of 69300 and 239565150.
4950
What is the greatest common divisor of 3 and 3322284?
3
What is the highest common factor of 40608881 and 1861?
1861
Calculate the highest common factor of 70608360 and 2040.
120
Calculate the greatest common factor of 46530258 and 11007.
3669
What is the highest common factor of 55 and 34934185?
55
What is the greatest common factor of 43267394 and 268?
134
Calculate the highest common divisor of 223636688 and 13376.
3344
What is the greatest common factor of 3452016 and 3512?
8
What is the greatest common factor of 776 and 24721226?
194
Calculate the greatest common factor of 187653 and 168271.
881
What is the greatest common factor of 25856 and 34642192?
1616
What is the highest common divisor of 1806 and 22090218?
258
Calculate the highest common factor of 72259 and 127677.
11
What is the highest common factor of 41088 and 8815944?
2568
What is the greatest common factor of 1058 and 64223?
1
What is the highest common divisor of 46725 and 434615925?
6675
Calculate the highest common factor of 57266197 and 599.
599
Calculate the highest common factor of 21611818 and 2596.
118
Calculate the greatest common divisor of 1146457 and 115739.
377
What is the greatest common factor of 2033618 and 183?
61
What is the highest common factor of 7846631 and 377947?
5641
Calculate the greatest common divisor of 99800 and 2175.
25
Calculate the highest common divisor of 36993 and 158517.
57
Calculate the greatest common factor of 68159824 and 524.
524
Calculate the greatest common factor of 718541025 and 18495.
2055
What is the greatest common divisor of 510733 and 10261?
331
Calculate the greatest common factor of 56462098 and 85932.
4774
What is the greatest common factor of 1904031 and 1251?
9
Calculate the greatest common divisor of 1193818024 and 4144.
2072
What is the greatest common divisor of 978 and 158771454?
978
Calculate the greatest common factor of 6230 and 20233260.
890
Calculate the highest common divisor of 155 and 1495241600.
155
Calculate the highest common divisor of 6 and 1496476.
2
Calculate the highest common factor of 1773 and 7484283.
9
What is the highest common divisor of 37253220 and 15?
15
Calculate the greatest common factor of 155034 and 764962.
638
Calculate the greatest common factor of 45272080 and 2450.
490
What is the highest common divisor of 2413283 and 15703?
383
What is the highest common divisor of 284772 and 58422?
6
What is the greatest common divisor of 14 and 939946?
14
Calculate the highest common factor of 40201577 and 83681.
2041
Calculate the greatest common factor of 1028064 and 138.
6
What is the greatest common divisor of 2943 and 473895?
9
Calculate the greatest common factor of 2 and 103773.
1
What is the greatest common factor of 4326 and 14428652?
1442
Calculate the highest common factor of 494625 and 220125.
375
Calculate the highest common divisor of 39 and 26323011.
39
Calculate the highest common divisor of 2691559 and 155363.
4199
Calculate the highest common divisor of 13383 and 1283281.
1487
Calculate the greatest common factor of 10 and 3862450.
10
What is the greatest common factor of 723425 and 57570?
95
What is the highest common divisor of 6905 and 113526486?
1381
What is the greatest common divisor of 324 and 53403948?
324
Calculate the greatest common divisor of 725 and 1876815475.
725
Calculate the highest common divisor of 7301 and 4016891.
149
What is the greatest common divisor of 6274 and 235692221?
3137
Calculate the highest common factor of 32991301 and 427.
427
What is the greatest common divisor of 1799546 and 46?
2
What is the greatest common factor of 14795028 and 81?
27
Calculate the highest common divisor of 239253 and 119343.
21
Calculate the highest common divisor of 2441014180 and 440.
220
Calculate the greatest common divisor of 1908 and 148450986.
954
Calculate the highest common divisor of 70981660 and 535.
535
Calculate the highest common divisor of 187265 and 1713335.
2795
What is the highest common divisor of 528036 and 424434?
3342
Calculate the greatest common factor of 204090544 and 15792.
5264
What is the highest common factor of 163450 and 1918?
14
Calculate the highest common factor of 21104378 and 34.
34
Calculate the g